.
2, 23
Suppose 15*z = 3*z + 1884. List the prime factors of z.
157
Let v = 11 - 4. Suppose -v*k + 72 = -11*k. List the prime factors of k/(-3)*(-13)/(-2).
3, 13
Let i(m) = -3*m**3 + 2*m**2 + 3*m + 5. Let h be (-5)/((-15)/(-9)) + 2. Let r(t) = t**3 - t - 1. Let a(f) = h*i(f) - 4*r(f). What are the prime factors of a(-3)?
5
Let h(b) = -b**3 + 16*b**2 - 29*b + 13. Let r be h(13). List the prime factors of (3 - (-8)/(-4))*r.
11, 13
Let n = -39 - -39. Suppose 8*q - 3*q - 85 = n. List the prime factors of q.
17
Let x = -94 + 99. List the prime factors of x.
5
Suppose 0 = 3*n + 29*n - 1152. What are the prime factors of n?
2, 3
Let s = 12 + -12. Suppose b - 3*b + 130 = s. List the prime factors of b.
5, 13
Let n = -23 + 26. Let o(y) = y**n + 9*y**2 - y - 2*y - 11*y + y - 24. List the prime factors of o(-10).
2, 3
Let y(p) = 85*p + 266. What are the prime factors of y(12)?
2, 643
Suppose -4*q - 12 = -8*q. Suppose -5*h + q*r = -299, 2*h = r + 39 + 80. List the prime factors of h.
2, 29
What are the prime factors of 10/8 - 43272/(-96)?
2, 113
Let x be (-4 + 28/6)*6. Suppose 2*a - 80 = -5*s, x*a + 6*s - 2*s = 148. List the prime factors of a.
5, 7
Let y be 4*9/12 + 335. Suppose 0 = 19*u - 1391 - y. What are the prime factors of u?
7, 13
Let z be 24/2 + (-4)/2. Let s be z + (3 - (1 + 2)). List the prime factors of ((-6)/(-15))/(2/s).
2
Let y = -267 - -659. What are the prime factors of y?
2, 7
Let m = 622 - 367. List the prime factors of m.
3, 5, 17
Let g(h) = h**3 - h**2 - h + 2. Let t be g(0). Suppose 5*r = t*r + 231. What are the prime factors of r?
7, 11
Let s = 6170 - 2859. List the prime factors of s.
7, 11, 43
Let b be (4/3)/(-1 + 42/36). Suppose -b*z + 3*z + 175 = 0. What are the prime factors of z?
5, 7
Let u(k) be the first derivative of 4*k**3/3 - 5*k**2/2 - 49*k + 35. List the prime factors of u(-8).
13, 19
List the prime factors of 12/8*(-4160)/(-15) + 0.
2, 13
Let a be (-198)/(-14) + 3/(-21). Let f = 28 - a. Suppose -12*i - 10 = -f*i. What are the prime factors of i?
5
Let k be 1*3*124/12. Let j = k + -35. What are the prime factors of (-102)/(-14) - j/(-14)?
7
Suppose 4*a - 8 = 0, 2*a = -2*m - m + 3043. List the prime factors of m.
1013
Let n(r) = -r**3 + 9*r**2 - 9*r + 10. Let p be n(8). Suppose 2*t = -p*q + 78, -q + 10 = -3*q. What are the prime factors of t?
2, 11
Suppose -2*v = -6*v - t + 8592, 3*v = -4*t + 6444. What are the prime factors of v?
2, 3, 179
Suppose -2*s + 49 = -27. Let q = 170 - s. List the prime factors of q.
2, 3, 11
Let t(u) be the second derivative of -u**3/3 - u**2/2 + 4*u. Let y be t(12). List the prime factors of (y/10)/((-2)/16).
2, 5
Suppose -165 - 133 = -2*r + 4*c, 4*r - c - 582 = 0. What are the prime factors of r?
5, 29
What are the prime factors of -1 - (2 + -10) - 3184/(-2)?
3, 13, 41
Suppose 11*h = 15*h - 392. Suppose -q - 2*s + 48 = 0, -2*q - 6*s + h = -3*s. What are the prime factors of q?
2, 13
List the prime factors of 49/(-7) + 5 - 428/(-2).
2, 53
Let p(t) = t**3 - 6*t**2 - 10*t - 21. Let r be p(9). Let u = r - -40. List the prime factors of u.
2, 43
Let b(z) = -z**3 + 41*z**2 + 93*z - 99. List the prime factors of b(41).
2, 3, 619
Suppose -9*n + 7*n - 4 = 0. What are the prime factors of n*(436/(-8) + 4)?
101
Suppose 1245 = -15*o + 5445. List the prime factors of o.
2, 5, 7
Suppose -16 = -p - 20. What are the prime factors of p/(-22) + 1096/22?
2, 5
Suppose -5*l - 4*i = i - 515, 2*l - 4*i = 236. Suppose -4*q - 4*x = -68 - 56, l = 4*q - 4*x. What are the prime factors of q?
29
Let d = 144 - 144. Suppose 0 = 2*r - 5*r + 12. Suppose 27 = -r*b + w + 108, d = 4*b + 2*w - 78. What are the prime factors of b?
2, 5
Let a = 6 - 4. Let f = -219 - -222. Suppose -4*g = -f*q - 269, 4*g - 289 = -3*q + a*q. What are the prime factors of g?
71
Let y(g) = -g**2 + 6*g + 1. Let w be y(6). Suppose -4*d + 19 = -w. Suppose -3*u = 2*u + b - 107, -d*u = 5*b - 95. List the prime factors of u.
2, 11
Suppose 5*q + 103 = -3*y + 40, 3*q - 4*y = -61. Let o be (-42)/q + (-3)/(-15). Suppose -4*p + 3 = -c, o*c - 2*c = p + 3. What are the prime factors of p?
2
Let c(i) = 5*i**2 + 26*i + 64. List the prime factors of c(15).
1579
Suppose -2*j + 12 = 4*c, -4*c + 18 = c + 4*j. Suppose -2*u + c + 74 = 0. List the prime factors of u.
2, 19
Let n(c) = 3*c + 4. Let a(d) = 2*d - 7. Let r be a(8). Suppose -g - 4 = -r. What are the prime factors of n(g)?
19
Suppose -r = b + 3*r - 175, 790 = 4*b - 2*r. What are the prime factors of b?
3, 5, 13
Suppose -2*q - q + 5*y = -466, 5*y = 4*q - 628. Suppose 0 = n - 4*n + q. Suppose 2*p = -0*p + n. What are the prime factors of p?
3
Let d(g) = 1285*g**2 - 4*g + 1. List the prime factors of d(1).
2, 641
Let z = 46 - 46. Suppose 0 = -z*b + 4*b - 288. What are the prime factors of b?
2, 3
Suppose 4*l = 12*l - 2088. List the prime factors of l.
3, 29
Let k(g) = 24*g + 16. Suppose -z + 6*z - 37 = -4*d, -z + 5 = 0. What are the prime factors of k(d)?
2, 11
Let o(h) be the second derivative of -h**3/2 - 6*h**2 + 4*h. Let z be o(-8). Let i = z - 7. List the prime factors of i.
5
Let k(v) = 167*v - 12. List the prime factors of k(5).
823
Let r = 5 - 5. Suppose 0*h = -2*h + 4*o + 12, 2*h + 5*o + 33 = r. List the prime factors of (-6)/h + 259/14.
2, 5
Let y = -13 - -378. Let b = y - 174. List the prime factors of b.
191
Suppose -2 = d, 3*q + 28*d = 30*d + 4774. List the prime factors of q.
2, 3, 5, 53
Suppose -5*l + 2*f = -13, 6*l - 21 = l + 4*f. Let u(b) = -4*b**2 - b + 1. Let x be u(l). List the prime factors of (-201)/(-4)*x/(-3).
67
Let w(p) = p**3 + 15*p**2 + 9*p - 10. Let c be w(-14). Suppose -7*f = -c + 11. Let z(m) = 2*m**2 - 9*m + 9. What are the prime factors of z(f)?
2, 11
Suppose 20 = 3*h - 2*y, y + 16 = h - 2*y. Suppose 5*x + 3*m - 264 = 62, h*x + m - 265 = 0. List the prime factors of x.
67
Suppose 10*x - 12*x = -5*w + 2285, 2*x = w - 449. Suppose 3*d - 2*d + 3 = 0, -4*q - 3*d = -w. List the prime factors of q.
3, 13
Let w be (7/(28/12))/(-1). List the prime factors of (158/6)/((-1)/w).
79
Let v(x) = 500*x**2 + 10*x - 8. What are the prime factors of v(1)?
2, 251
Let x = -4 - -8. Suppose 5*w + 124 = x. Let o = -6 - w. List the prime factors of o.
2, 3
Let r = 115 + -45. Suppose 3*n - r = n. List the prime factors of n.
5, 7
Suppose 0 = -q + 2*q + 5. Let k(a) = 2*a**2 - 66*a - 62*a + 194*a - 60*a + 4. What are the prime factors of k(q)?
2, 3
Suppose 0 = 8*x - 79 - 137. Let i = 38 + x. List the prime factors of i.
5, 13
List the prime factors of ((-51)/(-34))/(6/716).
179
Suppose -5*c - i + 1598 = -887, 0 = 5*i + 25. Suppose 1534 = 4*h + c. What are the prime factors of h?
7, 37
Suppose 5*x = -3*f + 280, -2*f = 4*x - 5*f - 197. What are the prime factors of x?
53
Suppose -4456 - 15305 = -7*s. List the prime factors of s.
3, 941
Suppose -x = -0*x - 6. Suppose 3*i - 3*r - 6 = 0, -x = -i - 4*i + 3*r. Suppose -49 = -b - i. What are the prime factors of b?
7
Suppose -20*f - 168 = -23*f. What are the prime factors of 7632/f + 3*2/(-21)?
2, 17
Let b(m) = -4*m**3 + 11*m**2 + 19*m + 5*m**3 - 11*m - 2*m + 15. List the prime factors of b(-10).
5, 11
Let y = -25 - -11. Suppose -3*u - 143 = -5*z + 3*z, 2*u = -3*z - 117. Let j = y - u. List the prime factors of j.
37
Let j be ((-2)/(-4))/((-3)/(-1026)). Let u = 327 - j. What are the prime factors of u?
2, 3, 13
Let j(d) = 32*d**3 - d**2 + d. Let m be j(1). List the prime factors of (69/12)/(8/m).
23
Let z = 26 - 23. Suppose -w + 4 = z*w. List the prime factors of 46 - (2/w + -3).
47
Suppose 0 = 5*c - 3*c - 5*s - 4, 0 = -4*c - s - 36. Let x be (-276)/2*4/c. Let a = -22 + x. List the prime factors of a.
47
Let t = -757 - -1460. What are the prime factors of t?
19, 37
Suppose 3 + 3 = 2*z. Suppose -5*s + 2*m + 240 = 0, -145 = -z*s + 5*m + 18. List the prime factors of 1 + s - (-6 + 3).
2, 5
Let r(k) = k - 3. Let h be r(7). Let u be ((-24)/(-2))/2 + -3. Suppose -1 = l, -10 = -h*c + u*l + 13. What are the prime factors of c?
5
Suppose -4*k - 3*r + 10044 = 0, 3*k - 13038 = 5*r - 5505. List the prime factors of k.
3, 31
Let r be (5/3)/(15/18). Suppose -4*o + 84 = 2*p + 3*p, -r*p = 0. Let y = o - -30. List the prime factors of y.
3, 17
Let k = 59 + 92. List the prime factors of k.
151
Suppose -7469 = -55*g + 44*g. List the prime factors of g.
7, 97
Let y = 69 + -60. Suppo